
Let m be -29 - (0 + (-1)/((-5)/20)). What is the tens digit of -158*(-46)/44 + 6/m?
6
Let n(o) = 3*o**2 + 12*o + 9. Let p be n(-4). Suppose -18*u = -21*u + p. Suppose 2*t = -u*t + 225. What is the units digit of t?
5
Suppose n - 2*l = -l + 15410, -4*l + 15380 = n. What is the units digit of n?
4
Let n be (98/35)/((0 - 4)/(-1960)). Suppose 2*m = 2*b + 1384, -2*m + 8*b + n = 12*b. What is the tens digit of m?
9
Let n(y) = -y**3 + 2*y**2 + 13*y - 12. Let f be n(6). What is the tens digit of -1270*((-20)/(-130) - (-51)/f)?
3
Let n be (1 - -434) + (-4)/10*5. What is the units digit of n - (1 + 7/(-7))?
3
Let p = -573 + -621. Let o = p - -1677. What is the tens digit of (-4 - -5)/4 + o/4?
2
Let r be (56/10)/2*5. Suppose -22*d + 61*d = 26*d + 91. Suppose d*q - r*q + 574 = 0. What is the tens digit of q?
8
Let n(d) = d**2 - 14. Let r be n(0). Let u be 5/(5*3/(-75)). Let o = r - u. What is the tens digit of o?
1
Suppose 2*w + 2*a - 21426 = 0, -10*a + 7*a = 4*w - 42849. What is the thousands digit of w?
0
Let m = 10081 + -3373. What is the tens digit of m?
0
Suppose 0 = 3*u - 6, 2 + 3 = -3*o + 4*u. Let z be (1 + -1)/(-3 + 4/o). Let g = z - -20. What is the units digit of g?
0
Let i(h) = -24*h + 3. Let m be i(2). Suppose -4*x - 96 = -360. Let q = x - m. What is the tens digit of q?
1
Suppose -13 = -j + 4*c, 2*c - 3*c = -4*j - 23. Let i(q) = 16*q + 8. Let d be i(j). Let l = d + 166. What is the units digit of l?
2
Let b = 3933 - 3942. Let t(w) = 3*w**2 - 7 + 6*w - 13 + 8. What is the tens digit of t(b)?
7
Let z be 1/((4 + 13/(-3))/((-147)/63)). Let h = -16 - -867. Suppose -z*r = -h - 654. What is the hundreds digit of r?
2
Suppose 0 = 43*z - 80651 - 30289. What is the tens digit of z?
8
What is the hundreds digit of -4 - (15 - 11) - -15239?
2
Let w(f) = -3*f**2 - 819 + 819 - f. Let h be w(3). What is the units digit of (7 + (-66)/10)/((-2)/h)?
6
Let f(s) = 1429*s**2 - 1766*s + 14. What is the thousands digit of f(8)?
7
Let t be (3/5)/(-1 - (-42)/35). Suppose 16 = -t*s + 19. What is the units digit of 136/s - (3 + -6)?
9
Let a(l) = l**3 + l**2 + 17*l + 7902. Let q be a(0). Suppose 9*g + 252 = q. What is the tens digit of g?
5
What is the units digit of ((-1068)/(-18))/((-12)/(-378))?
9
Let c(k) = -k**3 + 11*k**2 - 11*k + 14. Let x be c(10). What is the hundreds digit of ((-20851)/(-58))/(2/x)?
7
Let l be ((-1671)/10)/((-120)/100)*-8. Let a = l + 1883. What is the tens digit of a?
6
Let b be 115770/60 - (-1 + 10/4). Suppose -4*j = 2*y - b, -j + 545 - 63 = 5*y. What is the tens digit of j?
8
Let v(n) = 339*n**2 + 133*n - 8. What is the tens digit of v(4)?
4
Suppose -46 - 170 = -9*j. Suppose 4*z + 4*g - j = -0*g, -z + 5*g = 6. Suppose -5*f + q = -197, 3*f + z*q - 72 = 60. What is the units digit of f?
0
Let l(i) = -72*i - 57. Let m be l(-35). Let r = -1440 + m. What is the tens digit of r?
2
Let j(t) = 109*t**3 + 70*t**2 - 418*t + 1. What is the thousands digit of j(6)?
3
Suppose 6*i = 11*i - 25, 2*f = 2*i + 24. Suppose -2*l = -f*z + 12*z + 2975, 2380 = 4*z - l. What is the hundreds digit of z?
5
Suppose 4*v = 8, 0 = -2*k + v + 20 + 18. What is the hundreds digit of (-4)/((-40)/235)*k?
4
Let i(k) = k**3 + 5*k**2 + 6*k + 2. Let h be i(-3). Suppose -3*s - 26 = 2*g, 0 + h = -3*s + 4*g. What is the hundreds digit of (s/(-9))/(3/558)?
1
Let b(f) = -f**3 + 38*f**2 + 38*f + 56. Let w be b(39). Suppose -w*t + 5374 + 12000 = 0. What is the thousands digit of t?
1
Suppose 151*c + 186 = 120*c. What is the hundreds digit of -701*(-2)/3*(-9)/c?
7
Let q(u) be the first derivative of -u**3/3 - 31*u**2/2 + 117*u + 49. What is the hundreds digit of q(-22)?
3
Suppose 2*k + 17 = -9. Let a = k + 16. Suppose a*w + 0*w = 249. What is the units digit of w?
3
Let t(h) = 39882*h**3 - 11*h**2 + 83*h - 72. What is the tens digit of t(1)?
8
Let p = 369 + -387. What is the units digit of (3 + (-96)/p)*30?
0
Let p = 67279 - 30590. Suppose p - 3773 = 39*l. What is the tens digit of l?
4
Suppose -4*c - 4*q + 2048 = 0, -5*c + 17*q - 16*q = -2590. Let h = c - -943. What is the tens digit of h?
6
Suppose 9*s + 5 = 7*s + v, 0 = -3*s - v - 5. Let t(p) = p**2 - 36. Let c be t(0). What is the units digit of (1 + 4)*(c/15)/s?
6
Let v be 100/(-75)*18/(-8)*1. Suppose 3*o + v*r + 2*r = 797, 4*o - 5*r = 1086. What is the units digit of o?
9
Let p(y) = 123*y + 907. What is the hundreds digit of p(9)?
0
Suppose -m - 8*m = -306. Let t = 38 - m. Let h(l) = 6*l**2 - 9*l + 2. What is the tens digit of h(t)?
6
Suppose 504*z - 557*z + 228271 = 0. What is the units digit of z?
7
Suppose -4*q + 3*c - 34 = 0, -q + 2*c + 2 - 13 = 0. What is the hundreds digit of 2 - -270 - (q + 10 - 6)?
2
Let a(s) = s**3 - 5*s**2 + 3*s + 8. Let v be a(4). Suppose -m + n + 430 = m, -418 = -2*m + v*n. Suppose 431 = 9*t - m. What is the tens digit of t?
7
Let i = -1944 - -2841. What is the units digit of i?
7
Suppose 5*t = -5*l + 6255, -t - l - 1261 = -2*t. Suppose -t = -5*j + j. What is the tens digit of j?
1
Let h = 10 - 6. Suppose -n - 1 = -h*q + 3*q, n = -3*q + 19. Suppose 87 = q*v + 4*l, 3*l - 8 = 1. What is the units digit of v?
5
Let u(v) = v**2 - 18*v - 18. Let s be u(18). What is the tens digit of s/6 + 7 - (-190 + -2)?
9
Let f(v) = v. Let r(x) = -3*x - 17. Let n(g) = -4*f(g) - r(g). Let w be n(18). What is the units digit of (-7)/4*(w - 31)?
6
Suppose 39*q - 37*q = 8. Suppose q*g - 2329 = -r, -g + 259 = 2*r - 325. What is the hundreds digit of g?
5
Let m = -2730 + 4390. Let s = -500 + m. What is the units digit of s?
0
Suppose -5*d + 0*d = -3*x + 1, 2*x - 2*d = 6. Suppose -x*o - 2*o + 27 = 0. Suppose o*g - 443 = 13. What is the units digit of g?
2
Let f(g) = -271*g + 3859. What is the hundreds digit of f(-29)?
7
Suppose 22*p - 56 - 32 = 0. What is the hundreds digit of 2/(-18) - (p + (-12968)/72)?
1
Suppose 2*c - 3255 = -11313. Let b = c - -5911. What is the tens digit of b?
8
Let a(l) = 14062*l + 679. What is the ten thousands digit of a(4)?
5
Suppose -2 = 2*p - 12, -4*j - 3*p = -35. Suppose 4*w = -y + 65 - 18, 0 = j*w + 3*y - 64. Suppose 0 = -t - w + 48. What is the tens digit of t?
3
Suppose -2*x + x - 3246 = -y, -2*x + 13008 = 4*y. Suppose b + z - 1078 = 0, -z = b - 4*b + y. What is the units digit of b?
2
Let x(m) = 8*m**2 - 88*m + 283. What is the thousands digit of x(-48)?
2
Let b(m) = -31661*m + 472. What is the thousands digit of b(-1)?
2
Let n = 33 + -31. What is the thousands digit of (-27)/9 + (n - -1200)?
1
Let y = 115943 - 72086. What is the tens digit of y?
5
Let n(b) = 11*b + 32. Let m be n(5). Suppose -4*u - m = -95. Suppose -5*v = u*v - 861. What is the units digit of v?
3
Let x = 1429 + -1216. Suppose -12 - 33 = -5*y. Suppose 12*n - x = y*n. What is the tens digit of n?
7
Let l be (((-600)/9)/2)/(2/(-36)). Suppose 6*x = x + l. What is the tens digit of (-7)/(-6) - 1 - (-8980)/x?
7
Suppose 0 = -206*f + 338413 - 52073. What is the units digit of f?
0
Suppose 2*z - 36 = 4*x, 2*z = 7*z - x - 72. Let g be (51/5)/(z/70). Suppose -365 = -2*u - g. What is the units digit of u?
7
Let c(k) = -2 + 11 + 11*k + 4 + 22*k. What is the tens digit of c(3)?
1
Let s(n) = n**2 - 1. Let g(y) be the first derivative of 3*y**4 + y**3 + 3*y**2/2 - 4*y - 5. Let p(a) = -g(a) + 3*s(a). What is the units digit of p(-2)?
3
Let i(m) be the second derivative of -m**5/20 - m**4/6 + m**3 + 7*m**2/2 + 18*m. Let p be i(6). Let w = p - -418. What is the tens digit of w?
7
What is the tens digit of (146 + -13)/(-19) + 17538?
3
What is the hundreds digit of 648/(5 + 1)*4*(-21)/(-28)?
3
Let f be 9/3 + 4 - 4. Suppose -648 = -f*k - 81. Let y = k + -117. What is the tens digit of y?
7
Let j be (-72)/(-180)*10/(-2). Let f(h) be the second derivative of 5*h**4/12 + h**3/6 - 2*h**2 + 2*h. What is the tens digit of f(j)?
1
Let m = -351 + 359. What is the tens digit of 22953/49 - m/(-14)?
6
Let w(z) = 9*z - 10 + 4 - 10 - 3. Let g(o) = 18*o - 39. Let p(v) = 3*g(v) - 5*w(v). What is the tens digit of p(10)?
6
Let g(l) = 34*l**3 + l**2 - 2*l. Suppose -13 = -5*k - 3. Let v be g(k). Suppose -2*f + 3*n + v = 0, -5*f - n - 404 = -1084. What is the hundreds digit of f?
1
Let h be 9702/27 - (-4)/6. What is the units digit of ((-39)/6 + 7)*h?
0
Let i(v) = v**2 + 2*v - 1. Let g be i(1). Suppose g*u + 3 = 7. What is the units digit of u/6 - 1989/(-27)?
4
Su